ve of -z**3/3 - 5*z**2/2 - 7*z. What is k(-9)?
13
Let w be (-6)/(-4) + 2/(-4). Let n = 2 - 2. Let v(b) = n*b**2 + w + b**2 + 1 - 5*b. Calculate v(5).
2
Let n(h) = -h**2 + 16*h - 23. Let o be n(14). Let l(y) = 2*y. Determine l(o).
10
Let n(h) = h**3 - 5*h**2 + 4*h + 4. Suppose -14*z = z - 60. What is n(z)?
4
Let z(b) = -b - 9. Let k(r) = r + 8. Let t(o) = 4*k(o) + 3*z(o). Let f = -136 + 131. Give t(f).
0
Let q(n) = -2*n**2 - 2*n + 3. Suppose 14 = 5*i - 4*w, 2*i = 2*w - 0*w + 6. Give q(i).
-9
Let w(u) = -u. Let n be w(-7). Let q(b) = 2 - 5*b - 1 + n*b + 2*b**2. Let h(t) = t**3 - 2*t**2 - 4*t + 1. Let a be h(3). What is q(a)?
5
Let q(k) = -k**2 + 3*k - 2. Let z = 27 + -22. Calculate q(z).
-12
Let v(u) = u**2 + 11*u + 5. Let x be v(-11). Let g(n) = -n**3 + 6*n**2 - 8*n + 5. Calculate g(x).
-10
Let v(z) = -z + 5. Let w = 3 - -3. Suppose -22 = -3*l + 5. Suppose i + 2*u - w = 4*i, l = 5*i + 3*u. Give v(i).
5
Let w(t) = -4*t**3 + 3*t**3 - t - 2*t**2 - 1 - 2 + 2. Give w(-2).
1
Let w(f) = -f**3 + f + 1. Let l(i) = -2*i**3 + 5*i**2 - 4*i + 7. Let s(v) = -l(v) + 3*w(v). What is s(-6)?
-10
Let f(g) = -g**2 + 7*g + 6. Let z(v) = -10*v + 3*v**2 + 0*v - 2*v - 11 - 2*v. Let m(j) = 5*f(j) + 2*z(j). What is m(-6)?
2
Let w(y) = -y**3 + 6*y**2 + 3*y - 1. Suppose 0 = -4*h + 25 - 1. Calculate w(h).
17
Let y(u) be the first derivative of u**5/20 + 7*u**4/12 + 4*u**3/3 + 9*u**2/2 + u + 2. Let l(n) be the first derivative of y(n). What is l(-6)?
-3
Let b be ((-2)/(-5))/((-3)/(-15)). Suppose -2*c + 3*c = 3*m + 13, b*c - 4*m = 18. Let a(g) = 14*g + 1. Determine a(c).
15
Suppose 3*a + 2*o = -3*o + 20, -5*a = -4*o - 58. Let u(m) = -m**3 + 10*m**2 - m + 5. Give u(a).
-5
Let c be -2 + (0 + -1 - -1). Let j(b) = 2*b - 3*b - 3 - 2*b**2 - 3*b. Give j(c).
-3
Suppose 0 = -4*t + 12, 4*h + 3*t = -t + 32. Let d(v) = -6*v - v**3 - 2*v**2 - 2*v**2 + 2*v**3 - v. Calculate d(h).
-10
Let b(z) = 4*z - 4. Let l be b(3). Let h(m) = m - 12. What is h(l)?
-4
Let a = 13 - 7. Suppose 0*p - 11 = p - 4*i, -2*p + i + a = 0. Let b(t) = t**2 - 5*t - 2. Calculate b(p).
-2
Let h = 121 - 130. Let p(g) = -g + 1. Calculate p(h).
10
Let t(u) = u**2 + 8*u + 7. Let l be 4/7 + (-368)/56. Determine t(l).
-5
Let z(h) = h**2 - 7*h - 13*h + 20*h. Let m be (1 - 4)/((-6)/(-4)). Give z(m).
4
Let o(v) = -v + 1. Let q(h) = -h**2 + 3*h - 3. Let g(w) = -6*o(w) - 2*q(w). Calculate g(2).
8
Let f(v) = -v**2 + 3*v + 1. Let z be f(-2). Let b be z*1/((-9)/6). Suppose 2*w = -0*w + s - b, -3*w - 2*s + 5 = 0. Let j(o) = 5*o**3 - o**2. Determine j(w).
-6
Let m = 93 - 98. Let w(b) = b**3 + 4*b**2 - 7*b - 4. What is w(m)?
6
Let r(a) be the first derivative of 7*a**2/2 - 15. Calculate r(1).
7
Let x(g) = g**2 + 3*g - 6. Let w be x(-5). Let h(o) = w + 1 - 5 + 10*o. Calculate h(-1).
-10
Let q(c) = 4*c**2 - c - 5. Let d(w) = -5*w**2 + 2*w + 5. Let l(a) = 5*d(a) + 6*q(a). What is l(4)?
-5
Let c(v) = -v**3 + 5*v**2 + 6*v - 6. Let t be 1 - (9/6)/(18/(-48)). What is c(t)?
24
Let o be (-2)/(-6) - (-19)/(-3). Let i(x) = -x**2 - 5*x - 8. What is i(o)?
-14
Let l(g) = -g + 3. Suppose -w - 12 = -5*w. What is l(w)?
0
Let a(b) = -b**3 - 5*b**2 + 8*b + 9. Suppose 5*o - 5 = 0, -2*g + g - 2 = 4*o. Let r be a(g). Let n(m) be the second derivative of m**3/6 - m. Give n(r).
-3
Suppose 5*j = 2*u - 0*u + 20, 0 = 3*j - 5*u - 31. Let t(z) = 2*z**3 - 2*z**2 + 3*z - 1. Give t(j).
13
Let d(z) = -4*z**3 + z**2 + 2*z + 4. Let l = -1 - 3. Let j(q) = 5*q**3 - q**2 - 3*q - 5. Let p(x) = l*d(x) - 3*j(x). Determine p(2).
5
Let l(p) = -2*p**3 + 3*p**2 - 2*p + 2. Suppose 2*m - 5*g = 4, 0 = 4*m - 5*g - 8. What is l(m)?
-6
Let w(a) = 12*a - 11*a + 0*a**2 + 6*a**2. Let f be 1/(-2)*2*1. Calculate w(f).
5
Let j be ((-3)/(-2) - -2)*-4. Let p be (-2)/8 - j/(-8). Let y(v) = -v - v - 2*v**2 + 0*v - 2. Give y(p).
-6
Let o be -15*(8/5 + -2). Let j(d) = d**3 - 7*d**2 + 8*d - 6. Determine j(o).
6
Let u(x) = x - 1. Let g(k) = -4*k + 3. Suppose 4*q - 18 = 2*q. Let d(i) = q*u(i) + 2*g(i). Give d(-4).
-7
Let n = 3 - 0. Let w(j) = 72 - 77 - 5*j**2 - 4*j - 2*j - j**n. Give w(-4).
3
Let p(u) = 42*u + 5 - 138*u + 50*u + 47*u. Let t = -9 - -5. Determine p(t).
1
Suppose 8*w - 11*w - 24 = 0. Let c(x) = x**3 + 8*x**2 - 8. What is c(w)?
-8
Let y(a) = a**3 + 5*a**2 + 2*a - 4. Let c(w) = -w**3 - 6*w**2 - 4. Let o be c(-6). Determine y(o).
4
Let y(i) = 0*i**2 + 0*i**2 - 2 - 3*i + i**2. Let a = 5 + -2. What is y(a)?
-2
Let c(b) = -6*b - 1. Let r be (-4)/(-2) + 1 + 2. Let m = r + -8. Let q = m - -4. What is c(q)?
-7
Let d(x) = 5*x**3 - x**2 - 3*x - 5. Let v(j) = -16*j**3 + 4*j**2 + 10*j + 17. Let s(y) = -7*d(y) - 2*v(y). Suppose -2*w - 2*w - 4 = 0. Calculate s(w).
2
Let t(n) = 7*n**2 - 4*n + 2. Let a(u) = 13*u**2 - 8*u + 4. Let x(o) = 6*a(o) - 11*t(o). Give x(5).
7
Let d = -1 + 2. Let c(h) be the second derivative of -h**5/40 - h**4/24 + h**3 + 2*h. Let r(t) be the second derivative of c(t). Calculate r(d).
-4
Let u(p) = -p + 7. Let l be u(11). Let a(s) = s**3 + 2*s**2 - 5. Let z(t) = t**3 + 2*t**2 - 4. Let k(i) = l*a(i) + 5*z(i). Calculate k(-2).
0
Let o be (-2)/(-4)*(1 + -1 + 0). Let u(z) = -2*z**2 + 2*z + 12. Let d(j) = -j**2 + j + 1. Let q(k) = 3*d(k) - u(k). Calculate q(o).
-9
Suppose 3*q - 6 = -3. Let z(i) be the first derivative of -i**4 + 2*i**3/3 - i**2/2 - 1. Give z(q).
-3
Let x be 8/(-20) + (-8)/5. Let i(t) = 2*t**2 + 3*t. What is i(x)?
2
Let l(y) be the third derivative of 1/12*y**4 + 0*y + 1/60*y**5 + 0 + 4*y**2 + 0*y**3. Determine l(2).
8
Let r(m) be the third derivative of -m**6/120 + m**4/24 + 3*m**3/2 - 2*m**2. Let d be (3*2)/(9/6). Let a be 1/d - 2/8. What is r(a)?
9
Let v be ((-4)/12)/(1/3). Let k(g) be the second derivative of g**3/2 - g**2/2 + 5*g. Determine k(v).
-4
Let p(u) = u**2 + 7*u + 6. Let n = 0 + 2. Suppose -5*c = -q - 17, -2*c + 0*c + 2 = -n*q. Suppose -q*x = 2*x + 25. What is p(x)?
-4
Let y(i) be the first derivative of 3*i**4/4 - 4*i**3/3 - i**2/2 - 5*i - 3. Let w(s) = 4*s**3 - 4*s**2 - s - 6. Let g(q) = -4*w(q) + 5*y(q). Give g(-3).
-7
Let j(o) = o**3 + 6*o**2 - o + 2. Let p(m) be the third derivative of -m**5/60 + m**4/24 + m**2. Let z(q) = -j(q) - 3*p(q). Suppose 0*x - x - 3 = 0. Give z(x).
4
Let a(k) be the first derivative of k**4/12 - k**3/3 + k**2/2 + k + 5. Let v(b) be the first derivative of a(b). What is v(3)?
4
Let o = -10 - -10. Let b(q) = -q**3 + q. What is b(o)?
0
Let n be 2/((-2)/16*-4). Let i(b) be the third derivative of 5/6*b**3 + 0*b + 1/6*b**4 + 0 + b**2 - 1/60*b**5. What is i(n)?
5
Let t(l) = -l**2 - 5*l. Let d be t(-4). Let c = d - 4. Suppose c*y = -y - 5. Let u(j) = j**2 + 6*j - 4. Determine u(y).
-9
Let i(u) be the first derivative of 0*u**2 + 7 - 1/2*u**4 + 3*u + 4/3*u**3. What is i(3)?
-15
Let v(b) be the third derivative of b**3 + 1/15*b**5 + 1/120*b**6 + 0 - 1/4*b**4 + 0*b - 7*b**2. Suppose -r + 1 = 6. Calculate v(r).
11
Suppose 4*i - 5 = 4*u + 3, 4 = i - 2*u. Let z(o) = o**3 + 2*o**2 + i + 2*o**2 + 3*o + 4. Let m = -520 + 517. Give z(m).
4
Suppose 4*l = 2*u, 0*l - 5*l = -2*u - 3. Suppose -2*i + 47 = 43. Let a(q) = -q**3 + 0*q**i + u*q**2 - 2*q**2 - 6 + 8*q. Determine a(5).
9
Let y be (0 - 1) + (7 - 1). Let r = y - 5. Let i(u) = -2*u + 3*u + r*u + 2. Calculate i(3).
5
Let s(k) = -2*k - 3. Let h(d) = 5*d + 10. Let u(b) = 3*h(b) + 10*s(b). Calculate u(-2).
10
Let n(z) be the second derivative of z**3/6 + 5*z**2/2 + 16*z. Give n(-5).
0
Let s = 15 - 10. Let l be 2*2/(-4)*-3. Let f(d) = 2*d + 2 + l*d - 6*d. Determine f(s).
-3
Let y(z) = -z**2 + 4*z - 1. Let v be -1 + 2 + (-2 - -1). Suppose v = -3*r + 2*r + 5. Give y(r).
-6
Suppose -5*n - 3 = -4*n. Let i(b) = -3*b**2 - 2*b. What is i(n)?
-21
Let a be (8/28)/(2/14). Let m(z) = 2*z + 3*z + z**3 + 0*z + a + 5*z**2. Suppose 0 = c - 5*k - 7, -5*c - 3*k - 13 = -4*k. Give m(c).
5
Let n be 1/(-1*4)*-4. Let j be n - (0 + 4/(-2)). Suppose -m + j = -2. Let p(u) = 2*u - 5. Give p(m).
5
Let v(y) be the first derivative of y**3/3 - 2*y - 16. Determine v(3).
7
Let q(i) = i**2 + 4*i - 8. Let g = 13 + -17. Let b be q(g). Let t(h) = h**3 + 9*h**2 + 7*h - 9. Give t(b).
-1
Let s(d) = -4*d + 3*d - 4*d + d**2 + 4. Let v be (-7 + -1 - -3)/(-1). Calculate s(v).
4
Suppose b = 5*b - 8. Suppose -4*j - 20 = g, 0 = 4*g + 3*j - b*j + 5. Let d(m) = m**2 + 1. Give d(g).
1
Let l be (-7)/(-2) + 1/2. Suppose 0 = -x + 1 - l. L